{"id":525,"date":"2022-01-05T11:37:23","date_gmt":"2022-01-05T10:37:23","guid":{"rendered":"http:\/\/www.diocesigorizia.it\/caritas\/?page_id=525"},"modified":"2026-01-21T13:50:00","modified_gmt":"2026-01-21T12:50:00","slug":"dove-ci-trovi","status":"publish","type":"page","link":"https:\/\/www.diocesigorizia.it\/caritas\/chi-siamo\/dove-ci-trovi\/","title":{"rendered":"Dove ci trovi"},"content":{"rendered":"<aside id=\"sow-editor-2\" class=\"widget widget_sow-editor\">\n<div class=\"so-widget-sow-editor so-widget-sow-editor-base\">\n<div class=\"siteorigin-widget-tinymce textwidget\">\n<p><strong>Direttore:<\/strong> mons. Paolo Zuttion<br \/>\nEmail: direzione@caritasgorizia.it<\/p>\n<p><strong>Vicedirettore:<\/strong> dott. Adalberto Chimera<br \/>\nTel.: 0481 525188 int.3<br \/>\nEmail: caritas@arcidiocesi.gorizia.it<\/p>\n<p><strong>Segreteria:<\/strong> dott.ssa Valentina Busatta<br \/>\nTel.: 0481 525188 int.2<br \/>\nEmail: direzione@caritasgorizia.it<\/p>\n<p>&nbsp;<\/p>\n<p>Gli uffici della Caritas diocesana di Gorizia si trovano in via G.B. Garzarolli, 131- 34170 Gorizia (GO). Si riceve su appuntamento.<\/p>\n<p><iframe loading=\"lazy\" src=\"https:\/\/www.google.com\/maps\/embed?pb=!1m18!1m12!1m3!1d2775.0446190738435!2d13.61729445092111!3d45.93040801013247!2m3!1f0!2f0!3f0!3m2!1i1024!2i768!4f13.1!3m3!1m2!1s0x477b072d69eb2029%3A0xc05b99d9b3589a53!2sVia+Gian+Battista+Garzarolli%2C+131%2C+34170+Gorizia+GO!5e0!3m2!1sit!2sit!4v1519033470024\" width=\"400\" height=\"270\" frameborder=\"0\" allowfullscreen=\"allowfullscreen\"><span data-mce-type=\"bookmark\" class=\"mce_SELRES_start\">\ufeff<\/span><\/iframe><\/p>\n<p><strong>Per appuntamento o informazioni:<\/strong><\/p>\n<p>la segreteria \u00e8 aperta dal luned\u00ec al venerd\u00ec<br \/>\ndalle ore 9:00 alle ore 13:00<br \/>\n<a href=\"http:\/\/www.diocesigorizia.it\/caritas\/wp-content\/uploads\/sites\/2\/2022\/01\/istockphoto-1264393427-170667a.jpg\" data-rel=\"lightbox-image-0\" data-rl_title=\"\" data-rl_caption=\"\" title=\"\"><img loading=\"lazy\" decoding=\"async\" class=\"wp-image-527 alignnone\" src=\"http:\/\/www.diocesigorizia.it\/caritas\/wp-content\/uploads\/sites\/2\/2022\/01\/istockphoto-1264393427-170667a-150x150.jpg\" alt=\"\" width=\"22\" height=\"22\" srcset=\"https:\/\/www.diocesigorizia.it\/caritas\/wp-content\/uploads\/sites\/2\/2022\/01\/istockphoto-1264393427-170667a-150x150.jpg 150w, https:\/\/www.diocesigorizia.it\/caritas\/wp-content\/uploads\/sites\/2\/2022\/01\/istockphoto-1264393427-170667a-300x300.jpg 300w, https:\/\/www.diocesigorizia.it\/caritas\/wp-content\/uploads\/sites\/2\/2022\/01\/istockphoto-1264393427-170667a.jpg 416w\" sizes=\"(max-width: 22px) 100vw, 22px\" \/><\/a> Tel 0481 525188 int.2 \u00a0\u00a0 \u00a0\u00a0 <a href=\"http:\/\/www.diocesigorizia.it\/caritas\/wp-content\/uploads\/sites\/2\/2022\/01\/images.png\" data-rel=\"lightbox-image-1\" data-rl_title=\"\" data-rl_caption=\"\" title=\"\"><img loading=\"lazy\" decoding=\"async\" class=\"alignnone wp-image-528\" src=\"http:\/\/www.diocesigorizia.it\/caritas\/wp-content\/uploads\/sites\/2\/2022\/01\/images-150x150.png\" alt=\"\" width=\"27\" height=\"27\" srcset=\"https:\/\/www.diocesigorizia.it\/caritas\/wp-content\/uploads\/sites\/2\/2022\/01\/images-150x150.png 150w, https:\/\/www.diocesigorizia.it\/caritas\/wp-content\/uploads\/sites\/2\/2022\/01\/images.png 225w\" sizes=\"(max-width: 27px) 100vw, 27px\" \/><\/a><a href=\"mailto:direzione@caritasgorizia.it\">direzione@caritasgorizia.it<\/a><\/p>\n<p>&nbsp;<\/p>\n<\/div>\n<\/div>\n<\/aside>\n","protected":false},"excerpt":{"rendered":"<p>Direttore: mons. Paolo Zuttion Email: direzione@caritasgorizia.it Vicedirettore: dott. Adalberto Chimera Tel.: 0481 525188 int.3 Email: caritas@arcidiocesi.gorizia.it Segreteria: dott.ssa Valentina Busatta Tel.: 0481 525188 int.2 Email: direzione@caritasgorizia.it &nbsp; Gli uffici della Caritas diocesana di Gorizia si trovano in via G.B. Garzarolli, 131- 34170 Gorizia (GO). Si riceve su appuntamento. \ufeff Per appuntamento o informazioni: la segreteria \u00e8 aperta dal luned\u00ec al venerd\u00ec dalle ore 9:00 alle &hellip; <a href=\"https:\/\/www.diocesigorizia.it\/caritas\/chi-siamo\/dove-ci-trovi\/\" class=\"more-link\">Continua a leggere <span class=\"screen-reader-text\"><\/span> <span class=\"meta-nav\">&raquo;<\/span><\/a><\/p>\n","protected":false},"author":0,"featured_media":532,"parent":289,"menu_order":0,"comment_status":"closed","ping_status":"closed","template":"","meta":{"_acf_changed":false,"ip_address":"","user_agent":"","level":"","revision":"","cookie_id":"","page_referer":"","html_form":"","footnotes":""},"acf":[],"_links":{"self":[{"href":"https:\/\/www.diocesigorizia.it\/caritas\/wp-json\/wp\/v2\/pages\/525"}],"collection":[{"href":"https:\/\/www.diocesigorizia.it\/caritas\/wp-json\/wp\/v2\/pages"}],"about":[{"href":"https:\/\/www.diocesigorizia.it\/caritas\/wp-json\/wp\/v2\/types\/page"}],"author":[{"embeddable":true,"href":"https:\/\/www.diocesigorizia.it\/caritas\/wp-json\/wp\/v2\/users\/13"}],"replies":[{"embeddable":true,"href":"https:\/\/www.diocesigorizia.it\/caritas\/wp-json\/wp\/v2\/comments?post=525"}],"version-history":[{"count":8,"href":"https:\/\/www.diocesigorizia.it\/caritas\/wp-json\/wp\/v2\/pages\/525\/revisions"}],"predecessor-version":[{"id":5082,"href":"https:\/\/www.diocesigorizia.it\/caritas\/wp-json\/wp\/v2\/pages\/525\/revisions\/5082"}],"up":[{"embeddable":true,"href":"https:\/\/www.diocesigorizia.it\/caritas\/wp-json\/wp\/v2\/pages\/289"}],"wp:featuredmedia":[{"embeddable":true,"href":"https:\/\/www.diocesigorizia.it\/caritas\/wp-json\/wp\/v2\/media\/532"}],"wp:attachment":[{"href":"https:\/\/www.diocesigorizia.it\/caritas\/wp-json\/wp\/v2\/media?parent=525"}],"curies":[{"name":"wp","href":"https:\/\/api.w.org\/{rel}","templated":true}]}}

<aside id="sow-editor-2" class="widget widget_sow-editor">
<div class="so-widget-sow-editor so-widget-sow-editor-base">
<div class="siteorigin-widget-tinymce textwidget">
<p><strong>Direttore:</strong> mons. Paolo Zuttion<br />
Email: direzione@caritasgorizia.it</p>
<p><strong>Vicedirettore:</strong> dott. Adalberto Chimera<br />
Tel.: 0481 525188 int.3<br />
Email: caritas@arcidiocesi.gorizia.it</p>
<p><strong>Segreteria:</strong> dott.ssa Valentina Busatta<br />
Tel.: 0481 525188 int.2<br />
Email: direzione@caritasgorizia.it</p>
<p>&nbsp;</p>
<p>Gli uffici della Caritas diocesana di Gorizia si trovano in via G.B. Garzarolli, 131- 34170 Gorizia (GO). Si riceve su appuntamento.</p>
<p><iframe loading="lazy" src="https://www.google.com/maps/embed?pb=!1m18!1m12!1m3!1d2775.0446190738435!2d13.61729445092111!3d45.93040801013247!2m3!1f0!2f0!3f0!3m2!1i1024!2i768!4f13.1!3m3!1m2!1s0x477b072d69eb2029%3A0xc05b99d9b3589a53!2sVia+Gian+Battista+Garzarolli%2C+131%2C+34170+Gorizia+GO!5e0!3m2!1sit!2sit!4v1519033470024" width="400" height="270" frameborder="0" allowfullscreen="allowfullscreen"><span data-mce-type="bookmark" class="mce_SELRES_start">﻿</span></iframe></p>
<p><strong>Per appuntamento o informazioni:</strong></p>
<p>la segreteria è aperta dal lunedì al venerdì<br />
dalle ore 9:00 alle ore 13:00<br />
<a href="http://www.diocesigorizia.it/caritas/wp-content/uploads/sites/2/2022/01/istockphoto-1264393427-170667a.jpg" data-rel="lightbox-image-0" data-rl_title="" data-rl_caption="" title=""><img loading="lazy" decoding="async" class="wp-image-527 alignnone" src="http://www.diocesigorizia.it/caritas/wp-content/uploads/sites/2/2022/01/istockphoto-1264393427-170667a-150x150.jpg" alt="" width="22" height="22" srcset="https://www.diocesigorizia.it/caritas/wp-content/uploads/sites/2/2022/01/istockphoto-1264393427-170667a-150x150.jpg 150w, https://www.diocesigorizia.it/caritas/wp-content/uploads/sites/2/2022/01/istockphoto-1264393427-170667a-300x300.jpg 300w, https://www.diocesigorizia.it/caritas/wp-content/uploads/sites/2/2022/01/istockphoto-1264393427-170667a.jpg 416w" sizes="(max-width: 22px) 100vw, 22px" /></a> Tel 0481 525188 int.2       <a href="http://www.diocesigorizia.it/caritas/wp-content/uploads/sites/2/2022/01/images.png" data-rel="lightbox-image-1" data-rl_title="" data-rl_caption="" title=""><img loading="lazy" decoding="async" class="alignnone wp-image-528" src="http://www.diocesigorizia.it/caritas/wp-content/uploads/sites/2/2022/01/images-150x150.png" alt="" width="27" height="27" srcset="https://www.diocesigorizia.it/caritas/wp-content/uploads/sites/2/2022/01/images-150x150.png 150w, https://www.diocesigorizia.it/caritas/wp-content/uploads/sites/2/2022/01/images.png 225w" sizes="(max-width: 27px) 100vw, 27px" /></a><a href="mailto:direzione@caritasgorizia.it">direzione@caritasgorizia.it</a></p>
<p>&nbsp;</p>
</div>
</div>
</aside>

<p>Direttore: mons. Paolo Zuttion Email: direzione@caritasgorizia.it Vicedirettore: dott. Adalberto Chimera Tel.: 0481 525188 int.3 Email: caritas@arcidiocesi.gorizia.it Segreteria: dott.ssa Valentina Busatta Tel.: 0481 525188 int.2 Email: direzione@caritasgorizia.it &nbsp; Gli uffici della Caritas diocesana di Gorizia si trovano in via G.B. Garzarolli, 131- 34170 Gorizia (GO). Si riceve su appuntamento. ﻿ Per appuntamento o informazioni: la segreteria è aperta dal lunedì al venerdì dalle ore 9:00 alle &hellip; <a href="https://www.diocesigorizia.it/caritas/chi-siamo/dove-ci-trovi/" class="more-link">Continua a leggere <span class="screen-reader-text"></span> <span class="meta-nav">&raquo;</span></a></p>
