{"id":362,"date":"2021-12-10T14:26:48","date_gmt":"2021-12-10T13:26:48","guid":{"rendered":"http:\/\/www.diocesigorizia.it\/caritas\/?page_id=362"},"modified":"2021-12-15T12:51:09","modified_gmt":"2021-12-15T11:51:09","slug":"collaborazioni","status":"publish","type":"page","link":"https:\/\/www.diocesigorizia.it\/caritas\/chi-siamo\/collaborazioni\/","title":{"rendered":"Collaborazioni"},"content":{"rendered":"<p>Gli enti gestori-strumenti operativi della Caritas diocesana di Gorizia sono:<\/p>\n<p><strong>Associazione di famiglie \u201cLa Ginestra\u201d onlus<\/strong> &#8211; L&#8217; Associazione si ispira ai principi cristiani circa la centralit\u00e0 della persona, il valore della famiglia, l&#8217;educazione e formazione alla virt\u00f9 cristiana della solidariet\u00e0, cosi come proposti dal magistero della Chiesa, con particolare riferimento ai bisogni delle famiglie.<br \/>\nL&#8217;Associazione, senza fini di lucro e con l&#8217; azione diretta, personale e gratuita dei propri aderenti, persegue esclusivamente finalit\u00e0 di solidariet\u00e0 sociale. In particolare gestisce per conto della Caritas l\u2019<a href=\"http:\/\/www.diocesigorizia.it\/caritas\/poverta-alimentare\/\">Emporio della Solidariet\u00e0<\/a> di Gorizia, Gradisca e Monfalcone. Per maggiori informazioni potete consultare il sito\u00a0<a href=\"https:\/\/www.asslaginestra.it\/site\/index.php\" target=\"_blank\" rel=\"noopener\">Ass. La Ginestra<\/a><\/p>\n<p><strong>Murice Soc. Coop.Soc.<\/strong> &#8211; la cooperativa sociale \u00e8 stata promossa dalla Caritas Diocesana di Gorizia, con lo scopo di sviluppare e gestire servizi socio-sanitari-educativi promossi dalla stessa in attuazione dei propri obiettivi statutari nell\u2019ambito territoriale della diocesi di Gorizia. In generale la cooperativa Murice si prefigge di perseguire lo sviluppo integrale dell\u2019uomo, l\u2019integrazione sociale, la cura e la presa in carico dei soggetti deboli, attraverso la gestione di servizi socio-educativi a favore di soggetti in difficolt\u00e0, emarginati e\/o a rischio di emarginazione e devianza. Nel 2018 era l\u2019ente gestore del dormitorio mons. Faidutti a Gorizia. Attualmente \u00e8 l&#8217;ente gestore per il progetto <a href=\"http:\/\/www.diocesigorizia.it\/caritas\/riparto-da-casa\/\">&#8220;Riparto da casa &#8211; Housing First&#8221;<\/a> di Caritas. Per maggiri informazioni consultate il sito <a href=\"http:\/\/www.murice.org\" target=\"_blank\" rel=\"noopener noreferrer\">http:\/\/www.murice.org<\/a>.<\/p>\n","protected":false},"excerpt":{"rendered":"<p>Gli enti gestori-strumenti operativi della Caritas diocesana di Gorizia sono: Associazione di famiglie \u201cLa Ginestra\u201d onlus &#8211; L&#8217; Associazione si ispira ai principi cristiani circa la centralit\u00e0 della persona, il valore della famiglia, l&#8217;educazione e formazione alla virt\u00f9 cristiana della solidariet\u00e0, cosi come proposti dal magistero della Chiesa, con particolare riferimento ai bisogni delle famiglie. L&#8217;Associazione, senza fini di lucro e con l&#8217; azione diretta, &hellip; <a href=\"https:\/\/www.diocesigorizia.it\/caritas\/chi-siamo\/collaborazioni\/\" class=\"more-link\">Continua a leggere <span class=\"screen-reader-text\"><\/span> <span class=\"meta-nav\">&raquo;<\/span><\/a><\/p>\n","protected":false},"author":0,"featured_media":363,"parent":289,"menu_order":0,"comment_status":"closed","ping_status":"closed","template":"","meta":{"_acf_changed":false,"ip_address":"","user_agent":"","level":"","revision":"","cookie_id":"","page_referer":"","html_form":"","footnotes":""},"acf":[],"_links":{"self":[{"href":"https:\/\/www.diocesigorizia.it\/caritas\/wp-json\/wp\/v2\/pages\/362"}],"collection":[{"href":"https:\/\/www.diocesigorizia.it\/caritas\/wp-json\/wp\/v2\/pages"}],"about":[{"href":"https:\/\/www.diocesigorizia.it\/caritas\/wp-json\/wp\/v2\/types\/page"}],"author":[{"embeddable":true,"href":"https:\/\/www.diocesigorizia.it\/caritas\/wp-json\/wp\/v2\/users\/13"}],"replies":[{"embeddable":true,"href":"https:\/\/www.diocesigorizia.it\/caritas\/wp-json\/wp\/v2\/comments?post=362"}],"version-history":[{"count":1,"href":"https:\/\/www.diocesigorizia.it\/caritas\/wp-json\/wp\/v2\/pages\/362\/revisions"}],"predecessor-version":[{"id":364,"href":"https:\/\/www.diocesigorizia.it\/caritas\/wp-json\/wp\/v2\/pages\/362\/revisions\/364"}],"up":[{"embeddable":true,"href":"https:\/\/www.diocesigorizia.it\/caritas\/wp-json\/wp\/v2\/pages\/289"}],"wp:featuredmedia":[{"embeddable":true,"href":"https:\/\/www.diocesigorizia.it\/caritas\/wp-json\/wp\/v2\/media\/363"}],"wp:attachment":[{"href":"https:\/\/www.diocesigorizia.it\/caritas\/wp-json\/wp\/v2\/media?parent=362"}],"curies":[{"name":"wp","href":"https:\/\/api.w.org\/{rel}","templated":true}]}}

<p>Gli enti gestori-strumenti operativi della Caritas diocesana di Gorizia sono:</p>
<p><strong>Associazione di famiglie “La Ginestra” onlus</strong> &#8211; L&#8217; Associazione si ispira ai principi cristiani circa la centralità della persona, il valore della famiglia, l&#8217;educazione e formazione alla virtù cristiana della solidarietà, cosi come proposti dal magistero della Chiesa, con particolare riferimento ai bisogni delle famiglie.<br />
L&#8217;Associazione, senza fini di lucro e con l&#8217; azione diretta, personale e gratuita dei propri aderenti, persegue esclusivamente finalità di solidarietà sociale. In particolare gestisce per conto della Caritas l’<a href="http://www.diocesigorizia.it/caritas/poverta-alimentare/">Emporio della Solidarietà</a> di Gorizia, Gradisca e Monfalcone. Per maggiori informazioni potete consultare il sito <a href="https://www.asslaginestra.it/site/index.php" target="_blank" rel="noopener">Ass. La Ginestra</a></p>
<p><strong>Murice Soc. Coop.Soc.</strong> &#8211; la cooperativa sociale è stata promossa dalla Caritas Diocesana di Gorizia, con lo scopo di sviluppare e gestire servizi socio-sanitari-educativi promossi dalla stessa in attuazione dei propri obiettivi statutari nell’ambito territoriale della diocesi di Gorizia. In generale la cooperativa Murice si prefigge di perseguire lo sviluppo integrale dell’uomo, l’integrazione sociale, la cura e la presa in carico dei soggetti deboli, attraverso la gestione di servizi socio-educativi a favore di soggetti in difficoltà, emarginati e/o a rischio di emarginazione e devianza. Nel 2018 era l’ente gestore del dormitorio mons. Faidutti a Gorizia. Attualmente è l&#8217;ente gestore per il progetto <a href="http://www.diocesigorizia.it/caritas/riparto-da-casa/">&#8220;Riparto da casa &#8211; Housing First&#8221;</a> di Caritas. Per maggiri informazioni consultate il sito <a href="http://www.murice.org" target="_blank" rel="noopener noreferrer">http://www.murice.org</a>.</p>

<p>Gli enti gestori-strumenti operativi della Caritas diocesana di Gorizia sono: Associazione di famiglie “La Ginestra” onlus &#8211; L&#8217; Associazione si ispira ai principi cristiani circa la centralità della persona, il valore della famiglia, l&#8217;educazione e formazione alla virtù cristiana della solidarietà, cosi come proposti dal magistero della Chiesa, con particolare riferimento ai bisogni delle famiglie. L&#8217;Associazione, senza fini di lucro e con l&#8217; azione diretta, &hellip; <a href="https://www.diocesigorizia.it/caritas/chi-siamo/collaborazioni/" class="more-link">Continua a leggere <span class="screen-reader-text"></span> <span class="meta-nav">&raquo;</span></a></p>
