{"id":1867,"date":"2024-01-31T10:17:11","date_gmt":"2024-01-31T09:17:11","guid":{"rendered":"http:\/\/www.diocesigorizia.it\/caritas\/?page_id=1867"},"modified":"2024-01-31T10:20:55","modified_gmt":"2024-01-31T09:20:55","slug":"servizio-vestiario-caritas-parrocchiali","status":"publish","type":"page","link":"https:\/\/www.diocesigorizia.it\/caritas\/servizio-vestiario-caritas-parrocchiali\/","title":{"rendered":"Servizio vestiario &#8211; Caritas Parrocchiali"},"content":{"rendered":"<p>Alcune Caritas parrocchiali offrono un servizio di raccolta e distribuzione indumenti alle persone in difficolt\u00e0. Un gruppo di volontari si occupa della sistemazione e distribuzione degli indumenti che vengono di volta in volta portati in parrocchia per essere offerti a chi ne ha bisogno.<\/p>\n<ol>\n<li>Lo spirito della Caritas \u00e8 quello di educare al riutilizzo e ritrovare uno stile di vita pi\u00f9 sobrio. Chi dona deve rispettare la dignit\u00e0 di chi riceve, portando abiti puliti, che siano davvero riutilizzabili. E chi riceve deve sapere che la povert\u00e0 non implica di rinunciare alla propria dignit\u00e0.<\/li>\n<li>Ne consegue che deve essere superata una certa \u201cabitudine al gratuito\u201d, che induce chi riceve gli abiti usati a sminuirne il valore, \u201cperch\u00e9 tanto \u00e8 gratis\u201d. I capi non devono essere gettati soltanto perch\u00e9 gratuiti. Devono essere riconosciuti: 1 \u2013 l\u2019impegno di chi dona 2 \u2013 il lavoro del volontario 3 \u2013 il valore dell\u2019abito ricevuto;<\/li>\n<\/ol>\n<p><strong>I PUNTI DI RACCOLTA E DI DISTRIBUZIONE NELLA NOSTRA DIOCESI:<br \/>\n<\/strong><\/p>\n\n<table id=\"tablepress-4\" class=\"tablepress tablepress-id-4\">\n<thead>\n<tr class=\"row-1 odd\">\n\t<th class=\"column-1\">   CITT\u00c0-PARROCCHIA<\/th><th class=\"column-2\">          INDIRIZZO<\/th><th class=\"column-3\">             ORARIO<\/th>\n<\/tr>\n<\/thead>\n<tbody class=\"row-hover\">\n<tr class=\"row-2 even\">\n\t<td class=\"column-1\">CERVIGNANO<br \/>\nS. Michele Arc.<\/td><td class=\"column-2\">Via G. Verdi, 2<\/td><td class=\"column-3\">0431 32039 MARTED\u00cc e VENERD\u00cc 8.30-10.30<\/td>\n<\/tr>\n<tr class=\"row-3 odd\">\n\t<td class=\"column-1\">CORMONS<br \/>\nS. Leopoldo<\/td><td class=\"column-2\">Piazzale Marconi<\/td><td class=\"column-3\">Raccolta donazioni 1\u00b0 e 3\u00b0 LUNED\u00cc DEL MESE 17.30-18.00; Distribuzione GIOVED\u00cc 15.30-18.30 c\/o via Pozzetto, 2<\/td>\n<\/tr>\n<tr class=\"row-4 even\">\n\t<td class=\"column-1\">CRAUGLIO<br \/>\nS. Canciano Martire<\/td><td class=\"column-2\">Via Aquileia, 105<\/td><td class=\"column-3\">0432 997068<br \/>\nRitiro MERCOLED\u00cc 9.00-10.00<br \/>\nDISTRIBUZIONE 2\u00b0-4\u00b0 SABATO del mese 9.00 -12.00<\/td>\n<\/tr>\n<tr class=\"row-5 odd\">\n\t<td class=\"column-1\">RONCHI<br \/>\nS. Lorenzo<\/td><td class=\"column-2\">Via S.Lorenzo, 7<\/td><td class=\"column-3\">3534494066 ronchi.caritas@libero.it<br \/>\nMARTED\u00cc 16.00-17.00 VENERD\u00cc 10.00-11.00<\/td>\n<\/tr>\n<tr class=\"row-6 even\">\n\t<td class=\"column-1\">SANT'ANDREA<br \/>\n<\/td><td class=\"column-2\">Piazza Sant'Andrea, 1<\/td><td class=\"column-3\">0481 21849<br \/>\n1\u00b0 e 3\u00b0 GIOVED\u00cc 15.00-16.00<br \/>\n2\u00b0 E 4\u00b0 GIOVED\u00cc 9.00-10.00<\/td>\n<\/tr>\n<\/tbody>\n<\/table>\n\n","protected":false},"excerpt":{"rendered":"<p>Dove poter ricevere abiti o donarli a chi ne ha bisogno<\/p>\n","protected":false},"author":0,"featured_media":1868,"parent":0,"menu_order":0,"comment_status":"closed","ping_status":"closed","template":"","meta":{"_acf_changed":false,"ip_address":"","user_agent":"","level":"","revision":"","cookie_id":"","page_referer":"","html_form":"","footnotes":""},"acf":[],"_links":{"self":[{"href":"https:\/\/www.diocesigorizia.it\/caritas\/wp-json\/wp\/v2\/pages\/1867"}],"collection":[{"href":"https:\/\/www.diocesigorizia.it\/caritas\/wp-json\/wp\/v2\/pages"}],"about":[{"href":"https:\/\/www.diocesigorizia.it\/caritas\/wp-json\/wp\/v2\/types\/page"}],"author":[{"embeddable":true,"href":"https:\/\/www.diocesigorizia.it\/caritas\/wp-json\/wp\/v2\/users\/13"}],"replies":[{"embeddable":true,"href":"https:\/\/www.diocesigorizia.it\/caritas\/wp-json\/wp\/v2\/comments?post=1867"}],"version-history":[{"count":2,"href":"https:\/\/www.diocesigorizia.it\/caritas\/wp-json\/wp\/v2\/pages\/1867\/revisions"}],"predecessor-version":[{"id":1871,"href":"https:\/\/www.diocesigorizia.it\/caritas\/wp-json\/wp\/v2\/pages\/1867\/revisions\/1871"}],"wp:featuredmedia":[{"embeddable":true,"href":"https:\/\/www.diocesigorizia.it\/caritas\/wp-json\/wp\/v2\/media\/1868"}],"wp:attachment":[{"href":"https:\/\/www.diocesigorizia.it\/caritas\/wp-json\/wp\/v2\/media?parent=1867"}],"curies":[{"name":"wp","href":"https:\/\/api.w.org\/{rel}","templated":true}]}}

<p>Alcune Caritas parrocchiali offrono un servizio di raccolta e distribuzione indumenti alle persone in difficoltà. Un gruppo di volontari si occupa della sistemazione e distribuzione degli indumenti che vengono di volta in volta portati in parrocchia per essere offerti a chi ne ha bisogno.</p>
<ol>
<li>Lo spirito della Caritas è quello di educare al riutilizzo e ritrovare uno stile di vita più sobrio. Chi dona deve rispettare la dignità di chi riceve, portando abiti puliti, che siano davvero riutilizzabili. E chi riceve deve sapere che la povertà non implica di rinunciare alla propria dignità.</li>
<li>Ne consegue che deve essere superata una certa “abitudine al gratuito”, che induce chi riceve gli abiti usati a sminuirne il valore, “perché tanto è gratis”. I capi non devono essere gettati soltanto perché gratuiti. Devono essere riconosciuti: 1 – l’impegno di chi dona 2 – il lavoro del volontario 3 – il valore dell’abito ricevuto;</li>
</ol>
<p><strong>I PUNTI DI RACCOLTA E DI DISTRIBUZIONE NELLA NOSTRA DIOCESI:<br />
</strong></p>

<table id="tablepress-4" class="tablepress tablepress-id-4">
<thead>
<tr class="row-1 odd">
	<th class="column-1">   CITTÀ-PARROCCHIA</th><th class="column-2">          INDIRIZZO</th><th class="column-3">             ORARIO</th>
</tr>
</thead>
<tbody class="row-hover">
<tr class="row-2 even">
	<td class="column-1">CERVIGNANO<br />
S. Michele Arc.</td><td class="column-2">Via G. Verdi, 2</td><td class="column-3">0431 32039 MARTEDÌ e VENERDÌ 8.30-10.30</td>
</tr>
<tr class="row-3 odd">
	<td class="column-1">CORMONS<br />
S. Leopoldo</td><td class="column-2">Piazzale Marconi</td><td class="column-3">Raccolta donazioni 1° e 3° LUNEDÌ DEL MESE 17.30-18.00; Distribuzione GIOVEDÌ 15.30-18.30 c/o via Pozzetto, 2</td>
</tr>
<tr class="row-4 even">
	<td class="column-1">CRAUGLIO<br />
S. Canciano Martire</td><td class="column-2">Via Aquileia, 105</td><td class="column-3">0432 997068<br />
Ritiro MERCOLEDÌ 9.00-10.00<br />
DISTRIBUZIONE 2°-4° SABATO del mese 9.00 -12.00</td>
</tr>
<tr class="row-5 odd">
	<td class="column-1">RONCHI<br />
S. Lorenzo</td><td class="column-2">Via S.Lorenzo, 7</td><td class="column-3">3534494066 ronchi.caritas@libero.it<br />
MARTEDÌ 16.00-17.00 VENERDÌ 10.00-11.00</td>
</tr>
<tr class="row-6 even">
	<td class="column-1">SANT'ANDREA<br />
</td><td class="column-2">Piazza Sant'Andrea, 1</td><td class="column-3">0481 21849<br />
1° e 3° GIOVEDÌ 15.00-16.00<br />
2° E 4° GIOVEDÌ 9.00-10.00</td>
</tr>
</tbody>
</table>
